{"id":1986,"date":"2024-09-02T15:15:29","date_gmt":"2024-09-02T13:15:29","guid":{"rendered":"https:\/\/allezou.fr\/?page_id=1986"},"modified":"2024-09-03T13:59:14","modified_gmt":"2024-09-03T11:59:14","slug":"atchou","status":"publish","type":"page","link":"https:\/\/allezou.fr\/index.php\/atchou\/","title":{"rendered":"Atchou"},"content":{"rendered":"\n<p>A&#8230;., AAAAAA&#8230;.., AAAATTTTCHHHHOUUU !<\/p>\n\n\n<div class=\"wp-block-image\">\n<figure class=\"aligncenter size-large\"><img loading=\"lazy\" decoding=\"async\" width=\"1024\" height=\"683\" src=\"http:\/\/allezou.fr\/wp-content\/uploads\/2024\/09\/10-1024x683.jpg\" alt=\"\" class=\"wp-image-1997\" srcset=\"https:\/\/allezou.fr\/wp-content\/uploads\/2024\/09\/10-1024x683.jpg 1024w, https:\/\/allezou.fr\/wp-content\/uploads\/2024\/09\/10-300x200.jpg 300w, https:\/\/allezou.fr\/wp-content\/uploads\/2024\/09\/10-768x512.jpg 768w, https:\/\/allezou.fr\/wp-content\/uploads\/2024\/09\/10.jpg 1440w\" sizes=\"(max-width: 767px) 89vw, (max-width: 1000px) 54vw, (max-width: 1071px) 543px, 580px\" \/><\/figure><\/div>\n\n\n<p class=\"has-text-align-center\">Mais qui a bien pu faire un bruit pareil ? <\/p>\n\n\n\n<figure class=\"wp-block-image size-large\"><img loading=\"lazy\" decoding=\"async\" width=\"1024\" height=\"683\" src=\"http:\/\/allezou.fr\/wp-content\/uploads\/2024\/09\/5-1024x683.jpg\" alt=\"\" class=\"wp-image-1992\" srcset=\"https:\/\/allezou.fr\/wp-content\/uploads\/2024\/09\/5-1024x683.jpg 1024w, https:\/\/allezou.fr\/wp-content\/uploads\/2024\/09\/5-300x200.jpg 300w, https:\/\/allezou.fr\/wp-content\/uploads\/2024\/09\/5-768x512.jpg 768w, https:\/\/allezou.fr\/wp-content\/uploads\/2024\/09\/5.jpg 1440w\" sizes=\"(max-width: 767px) 89vw, (max-width: 1000px) 54vw, (max-width: 1071px) 543px, 580px\" \/><\/figure>\n\n\n\n<p class=\"has-text-align-center\">Mais qui ? Oui !<\/p>\n\n\n\n<figure class=\"wp-block-gallery has-nested-images columns-default is-cropped wp-block-gallery-1 is-layout-flex wp-block-gallery-is-layout-flex\">\n<figure class=\"wp-block-image size-large\"><img loading=\"lazy\" decoding=\"async\" width=\"1440\" height=\"960\" data-id=\"1990\" src=\"https:\/\/allezou.fr\/wp-content\/uploads\/2024\/09\/3-1024x683.jpg\" alt=\"\" class=\"wp-image-1990\" srcset=\"https:\/\/allezou.fr\/wp-content\/uploads\/2024\/09\/3-1024x683.jpg 1024w, https:\/\/allezou.fr\/wp-content\/uploads\/2024\/09\/3-300x200.jpg 300w, https:\/\/allezou.fr\/wp-content\/uploads\/2024\/09\/3-768x512.jpg 768w, https:\/\/allezou.fr\/wp-content\/uploads\/2024\/09\/3.jpg 1440w\" sizes=\"(max-width: 767px) 89vw, (max-width: 1000px) 54vw, (max-width: 1071px) 543px, 580px\" \/><\/figure>\n<\/figure>\n\n\n\n<figure class=\"wp-block-gallery has-nested-images columns-default is-cropped wp-block-gallery-2 is-layout-flex wp-block-gallery-is-layout-flex\">\n<figure class=\"wp-block-image size-large\"><img loading=\"lazy\" decoding=\"async\" width=\"1024\" height=\"638\" data-id=\"1988\" src=\"https:\/\/allezou.fr\/wp-content\/uploads\/2024\/09\/1-1024x638.jpg\" alt=\"\" class=\"wp-image-1988\" srcset=\"https:\/\/allezou.fr\/wp-content\/uploads\/2024\/09\/1-1024x638.jpg 1024w, https:\/\/allezou.fr\/wp-content\/uploads\/2024\/09\/1-300x187.jpg 300w, https:\/\/allezou.fr\/wp-content\/uploads\/2024\/09\/1-768x478.jpg 768w, https:\/\/allezou.fr\/wp-content\/uploads\/2024\/09\/1.jpg 1421w\" sizes=\"(max-width: 767px) 89vw, (max-width: 1000px) 54vw, (max-width: 1071px) 543px, 580px\" \/><\/figure>\n\n\n\n<figure class=\"wp-block-image size-large\"><img loading=\"lazy\" decoding=\"async\" width=\"1024\" height=\"683\" data-id=\"1991\" src=\"https:\/\/allezou.fr\/wp-content\/uploads\/2024\/09\/4-1024x683.jpg\" alt=\"\" class=\"wp-image-1991\" srcset=\"https:\/\/allezou.fr\/wp-content\/uploads\/2024\/09\/4-1024x683.jpg 1024w, https:\/\/allezou.fr\/wp-content\/uploads\/2024\/09\/4-300x200.jpg 300w, https:\/\/allezou.fr\/wp-content\/uploads\/2024\/09\/4-768x512.jpg 768w, https:\/\/allezou.fr\/wp-content\/uploads\/2024\/09\/4.jpg 1440w\" sizes=\"(max-width: 767px) 89vw, (max-width: 1000px) 54vw, (max-width: 1071px) 543px, 580px\" \/><\/figure>\n\n\n\n<figure class=\"wp-block-image size-large\"><img loading=\"lazy\" decoding=\"async\" width=\"1024\" height=\"683\" data-id=\"1989\" src=\"https:\/\/allezou.fr\/wp-content\/uploads\/2024\/09\/2-1024x683.jpg\" alt=\"\" class=\"wp-image-1989\" srcset=\"https:\/\/allezou.fr\/wp-content\/uploads\/2024\/09\/2-1024x683.jpg 1024w, https:\/\/allezou.fr\/wp-content\/uploads\/2024\/09\/2-300x200.jpg 300w, https:\/\/allezou.fr\/wp-content\/uploads\/2024\/09\/2-768x512.jpg 768w, https:\/\/allezou.fr\/wp-content\/uploads\/2024\/09\/2.jpg 1440w\" sizes=\"(max-width: 767px) 89vw, (max-width: 1000px) 54vw, (max-width: 1071px) 543px, 580px\" \/><\/figure>\n\n\n\n<figure class=\"wp-block-image size-large\"><img loading=\"lazy\" decoding=\"async\" width=\"1024\" height=\"683\" data-id=\"1996\" src=\"https:\/\/allezou.fr\/wp-content\/uploads\/2024\/09\/9-1024x683.jpg\" alt=\"\" class=\"wp-image-1996\" srcset=\"https:\/\/allezou.fr\/wp-content\/uploads\/2024\/09\/9-1024x683.jpg 1024w, https:\/\/allezou.fr\/wp-content\/uploads\/2024\/09\/9-300x200.jpg 300w, https:\/\/allezou.fr\/wp-content\/uploads\/2024\/09\/9-768x512.jpg 768w, https:\/\/allezou.fr\/wp-content\/uploads\/2024\/09\/9.jpg 1440w\" sizes=\"(max-width: 767px) 89vw, (max-width: 1000px) 54vw, (max-width: 1071px) 543px, 580px\" \/><\/figure>\n<\/figure>\n\n\n\n<p><\/p>\n\n\n\n<p class=\"has-text-align-center\">Atchou, c&#8217;est l&#8217;histoire d&#8217;un bruit. Gigantesque, surprenant, \u00e9tourdissant. Un dr\u00f4le de myst\u00e8re pour les petites taupes qui creusaient tranquillement leur tunnel \u00e0 la recherche de pierres pr\u00e9cieuses. Surtout lorsque l&#8217;\u00e9cho vous joue des tours !<\/p>\n\n\n\n<p class=\"has-text-align-center\">Nous sommes tr\u00e8s fi\u00e8res de cette petite histoire, cr\u00e9\u00e9e, \u00e9crite et illustr\u00e9e par Julie Colombet sp\u00e9cialement pour les \u00e9ditions Allez-zou.<\/p>\n\n\n\n<p class=\"has-text-align-center\">A d\u00e9vorer d\u00e8s la naissance<\/p>\n\n\n\n<p class=\"has-text-align-center\">Impression num\u00e9rique, encres pigmentaires \u00e0 l&#8217;eau sur coton biologique GOTS.<\/p>\n\n\n\n<figure class=\"wp-block-image size-large\"><img loading=\"lazy\" decoding=\"async\" width=\"1024\" height=\"660\" src=\"https:\/\/allezou.fr\/wp-content\/uploads\/2024\/09\/20240903_134230-1024x660.jpg\" alt=\"\" class=\"wp-image-2024\" srcset=\"https:\/\/allezou.fr\/wp-content\/uploads\/2024\/09\/20240903_134230-1024x660.jpg 1024w, https:\/\/allezou.fr\/wp-content\/uploads\/2024\/09\/20240903_134230-300x193.jpg 300w, https:\/\/allezou.fr\/wp-content\/uploads\/2024\/09\/20240903_134230-768x495.jpg 768w, https:\/\/allezou.fr\/wp-content\/uploads\/2024\/09\/20240903_134230-1536x990.jpg 1536w, https:\/\/allezou.fr\/wp-content\/uploads\/2024\/09\/20240903_134230-2048x1320.jpg 2048w\" sizes=\"(max-width: 767px) 89vw, (max-width: 1000px) 54vw, (max-width: 1071px) 543px, 580px\" \/><\/figure>\n\n\n\n<p class=\"has-text-align-center\">Livre en cours d&#8217;impression. Pour toute pr\u00e9commande avant le 30 septembre 2024, nous vous offrons une carte faite main par l&#8217;illustratrice, sign\u00e9e et num\u00e9rot\u00e9e avec vinyle holographique. (25 pi\u00e8ces disponibles)<\/p>\n\n\n\n<p><\/p>\n\n\n\n<p><\/p>\n\n\n\n<p class=\"has-text-align-center\"><strong>Tarif : 27\u20ac<\/strong><\/p>\n\n\n\n<div class=\"wp_cart_button_wrapper\"><form method=\"post\" class=\"wp-cart-button-form\" action=\"\" style=\"display:inline\" onsubmit=\"return ReadForm(this, true);\" ><input type=\"hidden\" id=\"_wpnonce\" name=\"_wpnonce\" value=\"1f13904acb\" \/><input type=\"hidden\" name=\"_wp_http_referer\" value=\"\/index.php\/wp-json\/wp\/v2\/pages\/1986\" \/><input type=\"submit\" class=\"wspsc_add_cart_submit\" name=\"wspsc_add_cart_submit\" value=\"Ajouter au panier\" \/><input type=\"hidden\" name=\"wspsc_product\" value=\"Atchou + carte holographique\" \/><input type=\"hidden\" name=\"price\" value=\"27\" \/><input type=\"hidden\" name=\"shipping\" value=\"7\" \/><input type=\"hidden\" name=\"addcart\" value=\"1\" \/><input type=\"hidden\" name=\"cartLink\" value=\"https:\/\/allezou.fr\/wp-json\/wp\/v2\/pages\/1986\" \/><input type=\"hidden\" name=\"product_tmp\" value=\"Atchou + carte holographique\" \/><input type=\"hidden\" name=\"product_tmp_two\" value=\"Atchou + carte holographique\" \/><input type=\"hidden\" name=\"item_number\" value=\"\" \/><input type=\"hidden\" name=\"hash_one\" value=\"d6a125c443c778de5e311ca04edc37f0\" \/><input type=\"hidden\" name=\"hash_two\" value=\"22d70272a6eabe8c992563afa7ae2806\" \/><\/form><\/div>\n\n\n\n<p><\/p>\n\n\n\n\n\n\n\n<p><\/p>\n\n\n\n<p><\/p>\n\n\n\n<p><\/p>\n\n\n\n<p><\/p>\n","protected":false},"excerpt":{"rendered":"<p>A&#8230;., AAAAAA&#8230;.., AAAATTTTCHHHHOUUU ! Mais qui a bien pu faire un bruit pareil ? Mais qui ? Oui ! Atchou, c&#8217;est l&#8217;histoire d&#8217;un bruit. Gigantesque, surprenant, \u00e9tourdissant. Un dr\u00f4le de myst\u00e8re pour les petites taupes qui creusaient tranquillement leur tunnel \u00e0 la recherche de pierres pr\u00e9cieuses. Surtout lorsque l&#8217;\u00e9cho vous joue des tours ! Nous &hellip; <\/p>\n<p class=\"link-more\"><a href=\"https:\/\/allezou.fr\/index.php\/atchou\/\" class=\"more-link\">Continue reading<span class=\"screen-reader-text\"> &#8220;Atchou&#8221;<\/span><\/a><\/p>\n","protected":false},"author":1,"featured_media":0,"parent":0,"menu_order":0,"comment_status":"closed","ping_status":"closed","template":"","meta":{"footnotes":""},"class_list":["post-1986","page","type-page","status-publish","hentry"],"_links":{"self":[{"href":"https:\/\/allezou.fr\/index.php\/wp-json\/wp\/v2\/pages\/1986"}],"collection":[{"href":"https:\/\/allezou.fr\/index.php\/wp-json\/wp\/v2\/pages"}],"about":[{"href":"https:\/\/allezou.fr\/index.php\/wp-json\/wp\/v2\/types\/page"}],"author":[{"embeddable":true,"href":"https:\/\/allezou.fr\/index.php\/wp-json\/wp\/v2\/users\/1"}],"replies":[{"embeddable":true,"href":"https:\/\/allezou.fr\/index.php\/wp-json\/wp\/v2\/comments?post=1986"}],"version-history":[{"count":11,"href":"https:\/\/allezou.fr\/index.php\/wp-json\/wp\/v2\/pages\/1986\/revisions"}],"predecessor-version":[{"id":2026,"href":"https:\/\/allezou.fr\/index.php\/wp-json\/wp\/v2\/pages\/1986\/revisions\/2026"}],"wp:attachment":[{"href":"https:\/\/allezou.fr\/index.php\/wp-json\/wp\/v2\/media?parent=1986"}],"curies":[{"name":"wp","href":"https:\/\/api.w.org\/{rel}","templated":true}]}}