{"id":211,"date":"2019-02-22T14:48:13","date_gmt":"2019-02-22T13:48:13","guid":{"rendered":"http:\/\/allezou.fr\/?page_id=211"},"modified":"2024-08-13T12:03:14","modified_gmt":"2024-08-13T10:03:14","slug":"actu-salons","status":"publish","type":"page","link":"https:\/\/allezou.fr\/index.php\/actu-salons\/","title":{"rendered":"Actu \/ Salons"},"content":{"rendered":"\n<p class=\"has-text-align-center\">SEPTEMBRE 2024<\/p>\n\n\n\n<p class=\"has-text-align-center\">Retrouvez Allez-zou \u00e9ditions en compagnie des \u00e9ditions du <a href=\"https:\/\/www.instagram.com\/lecosmographeeditions\/\" data-type=\"link\" data-id=\"https:\/\/www.instagram.com\/lecosmographeeditions\/\">Cosmographe<\/a> \u00e0 La F\u00eate de l&#8217;Humanit\u00e9<\/p>\n\n\n\n<figure class=\"wp-block-image size-full\"><a href=\"https:\/\/fete.humanite.fr\/\" target=\"_blank\" rel=\"noreferrer noopener\"><img loading=\"lazy\" decoding=\"async\" width=\"785\" height=\"784\" src=\"https:\/\/allezou.fr\/wp-content\/uploads\/2024\/08\/Capture-decran-2024-08-13-a-11.33.19.png\" alt=\"\" class=\"wp-image-1956\" srcset=\"https:\/\/allezou.fr\/wp-content\/uploads\/2024\/08\/Capture-decran-2024-08-13-a-11.33.19.png 785w, https:\/\/allezou.fr\/wp-content\/uploads\/2024\/08\/Capture-decran-2024-08-13-a-11.33.19-300x300.png 300w, https:\/\/allezou.fr\/wp-content\/uploads\/2024\/08\/Capture-decran-2024-08-13-a-11.33.19-150x150.png 150w, https:\/\/allezou.fr\/wp-content\/uploads\/2024\/08\/Capture-decran-2024-08-13-a-11.33.19-768x767.png 768w, https:\/\/allezou.fr\/wp-content\/uploads\/2024\/08\/Capture-decran-2024-08-13-a-11.33.19-100x100.png 100w\" sizes=\"(max-width: 767px) 89vw, (max-width: 1000px) 54vw, (max-width: 1071px) 543px, 580px\" \/><\/a><\/figure>\n\n\n\n<p><\/p>\n\n\n\n<p><\/p>\n\n\n\n<p><\/p>\n\n\n\n<p class=\"has-text-align-center\">OCTOBRE 2024<\/p>\n\n\n\n<p class=\"has-text-align-center\">Au mois d&#8217;octobre nous aurons le plaisir d&#8217;\u00eatre \u00e0 domicile au festival<\/p>\n\n\n\n<p class=\"has-text-align-center\"> Livre O Coeur dans la serre du jardin des plantes \u00e0 Orl\u00e9ans.<\/p>\n\n\n\n<figure class=\"wp-block-image size-large\"><img loading=\"lazy\" decoding=\"async\" width=\"686\" height=\"1024\" src=\"https:\/\/allezou.fr\/wp-content\/uploads\/2024\/08\/Affiche-Livre-O-Coeur-2024-copie-686x1024.jpg\" alt=\"\" class=\"wp-image-1962\" srcset=\"https:\/\/allezou.fr\/wp-content\/uploads\/2024\/08\/Affiche-Livre-O-Coeur-2024-copie-686x1024.jpg 686w, https:\/\/allezou.fr\/wp-content\/uploads\/2024\/08\/Affiche-Livre-O-Coeur-2024-copie-201x300.jpg 201w, https:\/\/allezou.fr\/wp-content\/uploads\/2024\/08\/Affiche-Livre-O-Coeur-2024-copie-768x1146.jpg 768w, https:\/\/allezou.fr\/wp-content\/uploads\/2024\/08\/Affiche-Livre-O-Coeur-2024-copie-1029x1536.jpg 1029w, https:\/\/allezou.fr\/wp-content\/uploads\/2024\/08\/Affiche-Livre-O-Coeur-2024-copie-1372x2048.jpg 1372w, https:\/\/allezou.fr\/wp-content\/uploads\/2024\/08\/Affiche-Livre-O-Coeur-2024-copie-scaled.jpg 1715w\" sizes=\"(max-width: 686px) 100vw, 686px\" \/><\/figure>\n\n\n\n<p><\/p>\n\n\n\n<p><\/p>\n\n\n\n<p><\/p>\n\n\n\n<h2 class=\"wp-block-heading has-text-align-center\"><strong>Samedi 19 Octobre \u00e0 partir de 15h \/ Rencontre lecture et d\u00e9dicaces au MOBE \u00e0 Orl\u00e9ans <\/strong><\/h2>\n\n\n\n<p class=\"has-text-align-center\">Dans le cadre de notre exposition &#8220;Paroles d&#8217;Animaux&#8221; <\/p>\n\n\n\n<p class=\"has-text-align-center\"><strong>En compagnie de Blanche Martire Autrice <\/strong><\/p>\n\n\n\n<p class=\"has-text-align-center\"><strong>et Robin Malgat Photographe animalier<\/strong><\/p>\n\n\n\n<p class=\"has-text-align-center\"><\/p>\n\n\n\n<figure class=\"wp-block-image size-large\"><img loading=\"lazy\" decoding=\"async\" width=\"779\" height=\"1024\" src=\"https:\/\/allezou.fr\/wp-content\/uploads\/2024\/08\/presentation-expo-MOBE-20-copie-779x1024.jpg\" alt=\"\" class=\"wp-image-1965\" srcset=\"https:\/\/allezou.fr\/wp-content\/uploads\/2024\/08\/presentation-expo-MOBE-20-copie-779x1024.jpg 779w, https:\/\/allezou.fr\/wp-content\/uploads\/2024\/08\/presentation-expo-MOBE-20-copie-228x300.jpg 228w, https:\/\/allezou.fr\/wp-content\/uploads\/2024\/08\/presentation-expo-MOBE-20-copie-768x1009.jpg 768w, https:\/\/allezou.fr\/wp-content\/uploads\/2024\/08\/presentation-expo-MOBE-20-copie-1169x1536.jpg 1169w, https:\/\/allezou.fr\/wp-content\/uploads\/2024\/08\/presentation-expo-MOBE-20-copie-1559x2048.jpg 1559w, https:\/\/allezou.fr\/wp-content\/uploads\/2024\/08\/presentation-expo-MOBE-20-copie-scaled.jpg 1948w\" sizes=\"(max-width: 767px) 89vw, (max-width: 1000px) 54vw, (max-width: 1071px) 543px, 580px\" \/><\/figure>\n\n\n\n<p><\/p>\n\n\n\n<p class=\"has-text-align-center\">NOVEMBRE 2024<\/p>\n\n\n\n<h2 class=\"wp-block-heading has-text-align-center\">Jeudi 21 Novembre \/ <strong>Salon de l&#8217;innovation et de la cr\u00e9ation en m\u00e9diath\u00e8que<\/strong><\/h2>\n\n\n\n<p class=\"has-text-align-center\"><strong>Centre Mione du ch\u00e2teau de Chamarande\u00a0<\/strong><\/p>\n\n\n\n<p class=\"has-text-align-center\"> 38 rue du commandant Maurice Arnoux, 91730 Chamarande<\/p>\n\n\n\n<p><\/p>\n\n\n\n<p><\/p>\n\n\n\n<p><\/p>\n\n\n\n<p><\/p>\n","protected":false},"excerpt":{"rendered":"<p>SEPTEMBRE 2024 Retrouvez Allez-zou \u00e9ditions en compagnie des \u00e9ditions du Cosmographe \u00e0 La F\u00eate de l&#8217;Humanit\u00e9 OCTOBRE 2024 Au mois d&#8217;octobre nous aurons le plaisir d&#8217;\u00eatre \u00e0 domicile au festival Livre O Coeur dans la serre du jardin des plantes \u00e0 Orl\u00e9ans. Samedi 19 Octobre \u00e0 partir de 15h \/ Rencontre lecture et d\u00e9dicaces au &hellip; <\/p>\n<p class=\"link-more\"><a href=\"https:\/\/allezou.fr\/index.php\/actu-salons\/\" class=\"more-link\">Continue reading<span class=\"screen-reader-text\"> &#8220;Actu \/ Salons&#8221;<\/span><\/a><\/p>\n","protected":false},"author":1,"featured_media":0,"parent":0,"menu_order":0,"comment_status":"closed","ping_status":"closed","template":"","meta":{"footnotes":""},"class_list":["post-211","page","type-page","status-publish","hentry"],"_links":{"self":[{"href":"https:\/\/allezou.fr\/index.php\/wp-json\/wp\/v2\/pages\/211"}],"collection":[{"href":"https:\/\/allezou.fr\/index.php\/wp-json\/wp\/v2\/pages"}],"about":[{"href":"https:\/\/allezou.fr\/index.php\/wp-json\/wp\/v2\/types\/page"}],"author":[{"embeddable":true,"href":"https:\/\/allezou.fr\/index.php\/wp-json\/wp\/v2\/users\/1"}],"replies":[{"embeddable":true,"href":"https:\/\/allezou.fr\/index.php\/wp-json\/wp\/v2\/comments?post=211"}],"version-history":[{"count":15,"href":"https:\/\/allezou.fr\/index.php\/wp-json\/wp\/v2\/pages\/211\/revisions"}],"predecessor-version":[{"id":1967,"href":"https:\/\/allezou.fr\/index.php\/wp-json\/wp\/v2\/pages\/211\/revisions\/1967"}],"wp:attachment":[{"href":"https:\/\/allezou.fr\/index.php\/wp-json\/wp\/v2\/media?parent=211"}],"curies":[{"name":"wp","href":"https:\/\/api.w.org\/{rel}","templated":true}]}}