{"id":78,"date":"2019-02-21T15:46:37","date_gmt":"2019-02-21T14:46:37","guid":{"rendered":"http:\/\/allezou.fr\/?page_id=78"},"modified":"2019-03-01T21:46:18","modified_gmt":"2019-03-01T20:46:18","slug":"livres-textiles","status":"publish","type":"page","link":"https:\/\/allezou.fr\/index.php\/livres-textiles\/","title":{"rendered":"Livres textiles"},"content":{"rendered":"\n<p style=\"text-align:left\">J&#8217;ai toujours aim\u00e9 les livres.<\/p>\n\n\n\n<p style=\"text-align:left\">Certains pour leur couverture, d&#8217;autres pour leur odeur d&#8217;encre fra\u00eechement imprim\u00e9e, un titre incroyable, ou simplement parce qu&#8217;ils ont toujours \u00e9t\u00e9 l\u00e0, avec moi. <\/p>\n\n\n\n<p>J&#8217;ai toujours aim\u00e9 lire. <\/p>\n\n\n\n<p>Aujourd&#8217;hui, je reconnais avoir la chance de pouvoir r\u00e9unir une grande partie des activit\u00e9s qui me passionnent autour d&#8217;un seul et unique objet : Le livre.<\/p>\n\n\n\n<p>Pas n&#8217;importe lequel \u00e9videmment, le livre textile. Aussi surprenant que cela puisse para\u00eetre, j&#8217;ai l&#8217;intime conviction que cet objet plus ou moins ordinaire a toute sa place dans le domaine de l&#8217;\u00e9dition. <\/p>\n\n\n\n<p>Il r\u00e9pond \u00e0 ce besoin perp\u00e9tuel de conserver une trace tout en respectant notre environnement. Il est durable dans le temps et offre une approche diff\u00e9rente du rapport existant entre l&#8217;homme et la lecture. Il fait appel au toucher, et accompagne l&#8217;imagerie \u00e0 travers une trame aux \u00e9l\u00e9gantes incidences.<\/p>\n\n\n\n<p>J&#8217;ai r\u00eav\u00e9 que vous aimiez toujours lire.<\/p>\n\n\n\n<p>Le textile est sans nul doute associ\u00e9 \u00e0 la petite enfance, pour sa douceur et sa souplesse. D&#8217;ailleurs, les imagiers ont \u00e9t\u00e9s nos premiers livres. Nous poursuivons notre route vers le livre textile narratif pour petits et moins petits, convaincus par la richesse de cette forme nouvelle, \u00e9mergent d&#8217;une ind\u00e9niable transversalit\u00e9, indispensable \u00e0 notre \u00e9volution. <\/p>\n","protected":false},"excerpt":{"rendered":"<p>J&#8217;ai toujours aim\u00e9 les livres. Certains pour leur couverture, d&#8217;autres pour leur odeur d&#8217;encre fra\u00eechement imprim\u00e9e, un titre incroyable, ou simplement parce qu&#8217;ils ont toujours \u00e9t\u00e9 l\u00e0, avec moi. J&#8217;ai toujours aim\u00e9 lire. Aujourd&#8217;hui, je reconnais avoir la chance de pouvoir r\u00e9unir une grande partie des activit\u00e9s qui me passionnent autour d&#8217;un seul et unique &hellip; <\/p>\n<p class=\"link-more\"><a href=\"https:\/\/allezou.fr\/index.php\/livres-textiles\/\" class=\"more-link\">Continue reading<span class=\"screen-reader-text\"> &#8220;Livres textiles&#8221;<\/span><\/a><\/p>\n","protected":false},"author":1,"featured_media":166,"parent":0,"menu_order":0,"comment_status":"closed","ping_status":"closed","template":"","meta":{"footnotes":""},"class_list":["post-78","page","type-page","status-publish","has-post-thumbnail","hentry"],"_links":{"self":[{"href":"https:\/\/allezou.fr\/index.php\/wp-json\/wp\/v2\/pages\/78"}],"collection":[{"href":"https:\/\/allezou.fr\/index.php\/wp-json\/wp\/v2\/pages"}],"about":[{"href":"https:\/\/allezou.fr\/index.php\/wp-json\/wp\/v2\/types\/page"}],"author":[{"embeddable":true,"href":"https:\/\/allezou.fr\/index.php\/wp-json\/wp\/v2\/users\/1"}],"replies":[{"embeddable":true,"href":"https:\/\/allezou.fr\/index.php\/wp-json\/wp\/v2\/comments?post=78"}],"version-history":[{"count":2,"href":"https:\/\/allezou.fr\/index.php\/wp-json\/wp\/v2\/pages\/78\/revisions"}],"predecessor-version":[{"id":671,"href":"https:\/\/allezou.fr\/index.php\/wp-json\/wp\/v2\/pages\/78\/revisions\/671"}],"wp:featuredmedia":[{"embeddable":true,"href":"https:\/\/allezou.fr\/index.php\/wp-json\/wp\/v2\/media\/166"}],"wp:attachment":[{"href":"https:\/\/allezou.fr\/index.php\/wp-json\/wp\/v2\/media?parent=78"}],"curies":[{"name":"wp","href":"https:\/\/api.w.org\/{rel}","templated":true}]}}

<p style="text-align:left">J&#8217;ai toujours aimé les livres.</p>



<p style="text-align:left">Certains pour leur couverture, d&#8217;autres pour leur odeur d&#8217;encre fraîchement imprimée, un titre incroyable, ou simplement parce qu&#8217;ils ont toujours été là, avec moi. </p>



<p>J&#8217;ai toujours aimé lire. </p>



<p>Aujourd&#8217;hui, je reconnais avoir la chance de pouvoir réunir une grande partie des activités qui me passionnent autour d&#8217;un seul et unique objet : Le livre.</p>



<p>Pas n&#8217;importe lequel évidemment, le livre textile. Aussi surprenant que cela puisse paraître, j&#8217;ai l&#8217;intime conviction que cet objet plus ou moins ordinaire a toute sa place dans le domaine de l&#8217;édition. </p>



<p>Il répond à ce besoin perpétuel de conserver une trace tout en respectant notre environnement. Il est durable dans le temps et offre une approche différente du rapport existant entre l&#8217;homme et la lecture. Il fait appel au toucher, et accompagne l&#8217;imagerie à travers une trame aux élégantes incidences.</p>



<p>J&#8217;ai rêvé que vous aimiez toujours lire.</p>



<p>Le textile est sans nul doute associé à la petite enfance, pour sa douceur et sa souplesse. D&#8217;ailleurs, les imagiers ont étés nos premiers livres. Nous poursuivons notre route vers le livre textile narratif pour petits et moins petits, convaincus par la richesse de cette forme nouvelle, émergent d&#8217;une indéniable transversalité, indispensable à notre évolution. </p>

<p>J&#8217;ai toujours aimé les livres. Certains pour leur couverture, d&#8217;autres pour leur odeur d&#8217;encre fraîchement imprimée, un titre incroyable, ou simplement parce qu&#8217;ils ont toujours été là, avec moi. J&#8217;ai toujours aimé lire. Aujourd&#8217;hui, je reconnais avoir la chance de pouvoir réunir une grande partie des activités qui me passionnent autour d&#8217;un seul et unique &hellip; </p>
<p class="link-more"><a href="https://allezou.fr/index.php/livres-textiles/" class="more-link">Continue reading<span class="screen-reader-text"> &#8220;Livres textiles&#8221;</span></a></p>
