{"id":81,"date":"2019-02-21T15:46:37","date_gmt":"2019-02-21T14:46:37","guid":{"rendered":"http:\/\/allezou.fr\/?page_id=81"},"modified":"2019-03-01T15:39:11","modified_gmt":"2019-03-01T14:39:11","slug":"animation-ateliers","status":"publish","type":"page","link":"https:\/\/allezou.fr\/index.php\/animation-ateliers\/","title":{"rendered":"Animation \/ Ateliers"},"content":{"rendered":"\n<ul class=\"wp-block-gallery columns-3 is-cropped wp-block-gallery-1 is-layout-flex wp-block-gallery-is-layout-flex\"><li class=\"blocks-gallery-item\"><figure><img loading=\"lazy\" decoding=\"async\" width=\"1024\" height=\"680\" src=\"http:\/\/allezou.fr\/wp-content\/uploads\/2019\/02\/ra\u0302cle-2-1024x680.jpg\" alt=\"\" data-id=\"75\" data-link=\"http:\/\/allezou.fr\/ra%cc%82cle-2\/\" class=\"wp-image-75\" srcset=\"https:\/\/allezou.fr\/wp-content\/uploads\/2019\/02\/ra\u0302cle-2-1024x680.jpg 1024w, https:\/\/allezou.fr\/wp-content\/uploads\/2019\/02\/ra\u0302cle-2-350x232.jpg 350w, https:\/\/allezou.fr\/wp-content\/uploads\/2019\/02\/ra\u0302cle-2-300x199.jpg 300w, https:\/\/allezou.fr\/wp-content\/uploads\/2019\/02\/ra\u0302cle-2-768x510.jpg 768w, https:\/\/allezou.fr\/wp-content\/uploads\/2019\/02\/ra\u0302cle-2.jpg 1286w\" sizes=\"(max-width: 767px) 89vw, (max-width: 1000px) 54vw, (max-width: 1071px) 543px, 580px\" \/><\/figure><\/li><li class=\"blocks-gallery-item\"><figure><img loading=\"lazy\" decoding=\"async\" width=\"425\" height=\"282\" src=\"http:\/\/allezou.fr\/wp-content\/uploads\/2019\/02\/2-1.jpg\" alt=\"\" data-id=\"208\" data-link=\"http:\/\/allezou.fr\/index.php\/contact\/2-2\/\" class=\"wp-image-208\" srcset=\"https:\/\/allezou.fr\/wp-content\/uploads\/2019\/02\/2-1.jpg 425w, https:\/\/allezou.fr\/wp-content\/uploads\/2019\/02\/2-1-350x232.jpg 350w, https:\/\/allezou.fr\/wp-content\/uploads\/2019\/02\/2-1-300x199.jpg 300w\" sizes=\"(max-width: 425px) 100vw, 425px\" \/><\/figure><\/li><li class=\"blocks-gallery-item\"><figure><img loading=\"lazy\" decoding=\"async\" width=\"567\" height=\"356\" src=\"http:\/\/allezou.fr\/wp-content\/uploads\/2019\/02\/4.jpg\" alt=\"\" data-id=\"206\" data-link=\"http:\/\/allezou.fr\/index.php\/contact\/attachment\/4\/\" class=\"wp-image-206\" srcset=\"https:\/\/allezou.fr\/wp-content\/uploads\/2019\/02\/4.jpg 567w, https:\/\/allezou.fr\/wp-content\/uploads\/2019\/02\/4-350x220.jpg 350w, https:\/\/allezou.fr\/wp-content\/uploads\/2019\/02\/4-300x188.jpg 300w\" sizes=\"(max-width: 567px) 100vw, 567px\" \/><\/figure><\/li><li class=\"blocks-gallery-item\"><figure><img loading=\"lazy\" decoding=\"async\" width=\"1024\" height=\"680\" src=\"http:\/\/allezou.fr\/wp-content\/uploads\/2019\/02\/7-1024x680.jpg\" alt=\"\" data-id=\"185\" data-link=\"http:\/\/allezou.fr\/index.php\/transmettre-et-partager\/attachment\/7\/\" class=\"wp-image-185\" srcset=\"https:\/\/allezou.fr\/wp-content\/uploads\/2019\/02\/7-1024x680.jpg 1024w, https:\/\/allezou.fr\/wp-content\/uploads\/2019\/02\/7-350x233.jpg 350w, https:\/\/allezou.fr\/wp-content\/uploads\/2019\/02\/7-300x199.jpg 300w, https:\/\/allezou.fr\/wp-content\/uploads\/2019\/02\/7-768x510.jpg 768w, https:\/\/allezou.fr\/wp-content\/uploads\/2019\/02\/7.jpg 1701w\" sizes=\"(max-width: 767px) 89vw, (max-width: 1000px) 54vw, (max-width: 1071px) 543px, 580px\" \/><\/figure><\/li><\/ul>\n\n\n\n<p style=\"text-align:center\">Parce que partager et transmettre est absolument essentiel, nous proposons des ateliers pour d\u00e9couvrir la s\u00e9rigraphie textile, sur de nombreuses th\u00e9matiques, culturelles et engag\u00e9es.  <\/p>\n\n\n\n<p style=\"text-align:center\">Nous intervenons actuellement sur Orl\u00e9ans et sa r\u00e9gion.<\/p>\n\n\n\n<p style=\"text-align:center\">D\u00e9couvrez tous les ateliers sur le site : <\/p>\n\n\n\n<div class=\"ich-prefix\">\r\n\r\n    \r\n    <div class=\"row wcp-fgg-wrap\" style=\"width:auto;margin-left: -10px;margin-right: -10px;\">\r\n\r\n                                <div class=\"col-1-1\" style=\"padding: 10px;\">\r\n                <div class=\"wcp-caption-plugin\" ontouchstart=\"\" id=\"wcp-widget-653-0\" style=\"\">\r\n    <a  href=\"http:\/\/sophiebonnomet.fr\/index.php\/animation-ateliers\/\" target=\"_blank\">        <div class=\"image-caption-box\">\r\n            <div class=\"caption slide-bottom-to-top\"\r\n                style=\"background-color: rgba(255,255,255,0.8);\r\n                    color: #7a0099;\">\r\n                <div style=\"display:table;height:100%;width: 100%;\">\r\n                    <div class=\"centered-text\" style=\"text-align: auto; padding: 5px;\">\r\n                        <h1 style=\"text-align: center;\">Cliquer pour d\u00e9couvrir<\/h1>                    <\/div>\r\n                <\/div>\r\n            <\/div>\r\n            <img decoding=\"async\" class=\"wcp-caption-image\" src=\"http:\/\/allezou.fr\/wp-content\/uploads\/2019\/03\/Capture-d\u2019e\u0301cran-2019-03-01-a\u0300-15.10.46.png\" title=\"\" alt=\"\" style=\"\"\/>\r\n        <\/div>\r\n\r\n    <\/a><\/div>\r\n<style>\r\n            #wcp-widget-653-0 .centered-text * {\r\n            color: #7a0099;\r\n        }\r\n    <\/style>            <\/div>\r\n            \r\n            <\/div>\r\n    \r\n\r\n    \r\n    <div class=\"clearfix\"><\/div>\r\n    \r\n<\/div>\n","protected":false},"excerpt":{"rendered":"<p>Parce que partager et transmettre est absolument essentiel, nous proposons des ateliers pour d\u00e9couvrir la s\u00e9rigraphie textile, sur de nombreuses th\u00e9matiques, culturelles et engag\u00e9es. Nous intervenons actuellement sur Orl\u00e9ans et sa r\u00e9gion. D\u00e9couvrez tous les ateliers sur le site :<\/p>\n","protected":false},"author":1,"featured_media":0,"parent":0,"menu_order":0,"comment_status":"closed","ping_status":"closed","template":"","meta":{"footnotes":""},"class_list":["post-81","page","type-page","status-publish","hentry"],"_links":{"self":[{"href":"https:\/\/allezou.fr\/index.php\/wp-json\/wp\/v2\/pages\/81"}],"collection":[{"href":"https:\/\/allezou.fr\/index.php\/wp-json\/wp\/v2\/pages"}],"about":[{"href":"https:\/\/allezou.fr\/index.php\/wp-json\/wp\/v2\/types\/page"}],"author":[{"embeddable":true,"href":"https:\/\/allezou.fr\/index.php\/wp-json\/wp\/v2\/users\/1"}],"replies":[{"embeddable":true,"href":"https:\/\/allezou.fr\/index.php\/wp-json\/wp\/v2\/comments?post=81"}],"version-history":[{"count":7,"href":"https:\/\/allezou.fr\/index.php\/wp-json\/wp\/v2\/pages\/81\/revisions"}],"predecessor-version":[{"id":659,"href":"https:\/\/allezou.fr\/index.php\/wp-json\/wp\/v2\/pages\/81\/revisions\/659"}],"wp:attachment":[{"href":"https:\/\/allezou.fr\/index.php\/wp-json\/wp\/v2\/media?parent=81"}],"curies":[{"name":"wp","href":"https:\/\/api.w.org\/{rel}","templated":true}]}}