{"id":902,"date":"2020-09-23T17:01:50","date_gmt":"2020-09-23T15:01:50","guid":{"rendered":"http:\/\/allezou.fr\/?page_id=902"},"modified":"2024-04-27T14:49:38","modified_gmt":"2024-04-27T12:49:38","slug":"le-ballon","status":"publish","type":"page","link":"https:\/\/allezou.fr\/index.php\/le-ballon\/","title":{"rendered":"Le ballon"},"content":{"rendered":"\n<p id=\"block-b5396274-7323-4a88-9aef-f77728ae247a\"><br>\u00ab\u2009Le Ballon\u2009\u00bb, c\u2019est le premier livre textile narratif d\u2019Allez-zou Editions.<\/p>\n\n\n\n<p>Il nous parle de partage et de transmission \u00e0 travers le voyage d&#8217;un ballon qui parcours l&#8217;humanit\u00e9 en 24 images.<\/p>\n\n\n\n<p id=\"block-6cd28522-d950-48c9-a8ad-33dd207541aa\">C\u2019est aussi, bien \u00e9videmment, le fruit d\u2019une rencontre entre l\u2019esprit et la main d\u2019El\u00e9a Dos Santos, fantastique Auteure Illustratrice<\/p>\n\n\n\n<figure class=\"wp-block-image\"><img decoding=\"async\" src=\"http:\/\/allezou.fr\/wp-content\/uploads\/2020\/06\/1-1024x680.jpg\" alt=\"\"\/><\/figure>\n\n\n\n<figure class=\"wp-block-image\"><img decoding=\"async\" src=\"http:\/\/allezou.fr\/wp-content\/uploads\/2020\/06\/2-1024x680.jpg\" alt=\"\"\/><\/figure>\n\n\n\n<figure class=\"wp-block-image\" id=\"block-8720d90d-d44a-48bb-b811-fcc18d3c37d6\"><img decoding=\"async\" src=\"http:\/\/allezou.fr\/wp-content\/uploads\/2020\/06\/3-1024x680.jpg\" alt=\"L\u2019attribut alt de cette image est vide, son nom de fichier est 3-1024x680.jpg.\"\/><\/figure>\n\n\n\n<p class=\"has-text-align-center\" id=\"block-da376b45-c9d6-49cf-8b31-d17e3327919f\">Ce livre textile au format in\u00e9dit, est imprim\u00e9 de fa\u00e7on num\u00e9rique sur un textile 100% coton BIO GOTS aux normes OEKO-TEX et mont\u00e9 \u00e0 la main dans nos ateliers.<\/p>\n\n\n\n<p class=\"has-text-align-center\">Encres \u00e0 l&#8217;eau pigmentaires sans solvant.<\/p>\n\n\n\n<figure class=\"wp-block-image\"><img decoding=\"async\" src=\"http:\/\/allezou.fr\/wp-content\/uploads\/2020\/06\/leballon.gif\" alt=\"\"\/><\/figure>\n\n\n\n<p><\/p>\n\n\n\n<p class=\"has-text-align-center\"> M\u00eame  s&#8217;il est pr\u00e9f\u00e9rable de le laver \u00e0 froid \u00e0 la main, vous pouvez \u00e9galement le passer en machine \u00e0 30\u00b0C en filet.<\/p>\n\n\n\n<p class=\"has-text-align-center\" id=\"block-25f537b1-bcce-4a43-b227-9c2650878a5e\"><strong>Tarif : 38 \u20ac<\/strong><\/p>\n\n\n\n<p class=\"has-text-align-center\" id=\"block-b4e3a429-da97-4e7f-bd1d-dabb035971e6\">Actuellement indisponible<\/p>\n","protected":false},"excerpt":{"rendered":"<p>\u00ab\u2009Le Ballon\u2009\u00bb, c\u2019est le premier livre textile narratif d\u2019Allez-zou Editions. Il nous parle de partage et de transmission \u00e0 travers le voyage d&#8217;un ballon qui parcours l&#8217;humanit\u00e9 en 24 images. C\u2019est aussi, bien \u00e9videmment, le fruit d\u2019une rencontre entre l\u2019esprit et la main d\u2019El\u00e9a Dos Santos, fantastique Auteure Illustratrice Ce livre textile au format in\u00e9dit, &hellip; <\/p>\n<p class=\"link-more\"><a href=\"https:\/\/allezou.fr\/index.php\/le-ballon\/\" class=\"more-link\">Continue reading<span class=\"screen-reader-text\"> &#8220;Le ballon&#8221;<\/span><\/a><\/p>\n","protected":false},"author":1,"featured_media":0,"parent":0,"menu_order":0,"comment_status":"closed","ping_status":"closed","template":"","meta":{"footnotes":""},"class_list":["post-902","page","type-page","status-publish","hentry"],"_links":{"self":[{"href":"https:\/\/allezou.fr\/index.php\/wp-json\/wp\/v2\/pages\/902"}],"collection":[{"href":"https:\/\/allezou.fr\/index.php\/wp-json\/wp\/v2\/pages"}],"about":[{"href":"https:\/\/allezou.fr\/index.php\/wp-json\/wp\/v2\/types\/page"}],"author":[{"embeddable":true,"href":"https:\/\/allezou.fr\/index.php\/wp-json\/wp\/v2\/users\/1"}],"replies":[{"embeddable":true,"href":"https:\/\/allezou.fr\/index.php\/wp-json\/wp\/v2\/comments?post=902"}],"version-history":[{"count":8,"href":"https:\/\/allezou.fr\/index.php\/wp-json\/wp\/v2\/pages\/902\/revisions"}],"predecessor-version":[{"id":1910,"href":"https:\/\/allezou.fr\/index.php\/wp-json\/wp\/v2\/pages\/902\/revisions\/1910"}],"wp:attachment":[{"href":"https:\/\/allezou.fr\/index.php\/wp-json\/wp\/v2\/media?parent=902"}],"curies":[{"name":"wp","href":"https:\/\/api.w.org\/{rel}","templated":true}]}}